40 (base 8) in base 7?
44
What is 43 (base 10) in base 9?
47
Convert 9 (base 16) to base 9.
10
Convert -1020 (base 4) to base 7.
-132
What is 3 (base 14) in base 5?
3
11 (base 16) to base 9
18
Convert 0 (base 3) to base 6.
0
1 (base 3) to base 8
1
What is 25 (base 9) in base 15?
18
What is -13 (base 8) in base 15?
-b
Convert -11230 (base 4) to base 9.
-444
83 (base 13) to base 12
8b
Convert 11 (base 3) to base 4.
10
-1000 (base 3) to base 4
-123
Convert 3 (base 16) to base 4.
3
Convert -85 (base 10) to base 12.
-71
What is -2 (base 13) in base 16?
-2
Convert -50 (base 9) to base 8.
-55
Convert 1 (base 5) to base 2.
1
Convert -19 (base 16) to base 9.
-27
What is 3120 (base 4) in base 6?
1000
What is -10110110 (base 2) in base 16?
-b6
-4 (base 16) to base 5
-4
What is -6 (base 9) in base 11?
-6
What is 75 (base 15) in base 3?
11002
1 (base 6) to base 12
1
Convert 21 (base 6) to base 7.
16
-b (base 12) to base 4
-23
What is -71 (base 14) in base 15?
-69
1 (base 3) to base 7
1
6b (base 13) to base 9
108
Convert -264 (base 9) to base 14.
-11a
What is -5 (base 8) in base 7?
-5
-32 (base 7) to base 4
-113
Convert 0 (base 4) to base 16.
0
-31 (base 13) to base 8
-50
Convert 5 (base 6) to base 11.
5
-c (base 16) to base 9
-13
-17 (base 11) to base 16
-12
What is 1 (base 9) in base 10?
1
What is -1000 (base 2) in base 8?
-10
What is -9 (base 16) in base 7?
-12
What is -16 (base 11) in base 9?
-18
Convert -12 (base 9) to base 11.
-10
Convert 21 (base 13) to base 15.
1c
Convert 0 (base 14) to base 12.
0
What is 15 (base 12) in base 3?
122
Convert -147 (base 9) to base 2.
-1111100
What is 41 (base 8) in base 9?
36
Convert -1b (base 15) to base 4.
-122
Convert -27 (base 14) to base 4.
-203
28 (base 11) to base 9
33
What is 5 (base 9) in base 15?
5
Convert -19 (base 11) to base 7.
-26
Convert -b (base 14) to base 9.
-12
Convert -112 (base 3) to base 9.
-15
Convert -101010 (base 3) to base 7.
-540
Convert -10 (base 2) to base 11.
-2
What is -10 (base 10) in base 9?
-11
Convert 5 (base 14) to base 7.
5
What is 21 (base 7) in base 13?
12
Convert 0 (base 13) to base 6.
0
What is 115 (base 16) in base 14?
15b
-48 (base 10) to base 12
-40
-2 (base 10) to base 7
-2
What is -3 (base 12) in base 6?
-3
What is 143 (base 8) in base 16?
63
What is -2132 (base 4) in base 3?
-12212
-101 (base 5) to base 9
-28
What is -2 (base 9) in base 4?
-2
What is -66 (base 9) in base 15?
-40
What is -3 (base 11) in base 15?
-3
Convert -6 (base 12) to base 16.
-6
Convert 15 (base 16) to base 12.
19
What is 2a (base 11) in base 5?
112
Convert -11 (base 8) to base 15.
-9
aa (base 14) to base 7
303
What is 4 (base 15) in base 8?
4
-25 (base 6) to base 5
-32
Convert -5 (base 6) to base 8.
-5
Convert -2111 (base 4) to base 6.
-405
Convert 153 (base 6) to base 16.
45
What is 1 (base 4) in base 12?
1
Convert 0 (base 13) to base 4.
0
What is -17 (base 15) in base 8?
-26
100 (base 9) to base 8
121
What is -1010 (base 2) in base 4?
-22
What is 25 (base 14) in base 16?
21
Convert 6 (base 16) to base 12.
6
Convert 0 (base 5) to base 2.
0
-1 (base 11) to base 13
-1
Convert -1 (base 8) to base 12.
-1
What is 68 (base 15) in base 13?
77
10 (base 6) to base 16
6
-4 (base 11) to base 5
-4
-8b (base 14) to base 8
-173
38 (base 16) to base 4
320
Convert -100111 (base 2) to base 7.
-54
What is -3b (base 16) in base 6?
-135
What is 15 (base 13) in base 12?
16
What is -59 (base 14) in base 8?
-117
Convert -10101001 (base 2) to base 14.
-c1
7 (base 10) to base 14
7
4 (base 12) to base 13
4
-a (base 13) to base 3
-101
5c (base 16) to base 3
10102
11 (base 5) to base 14
6
What is -a (base 11) in base 8?
-12
22 (base 8) to base 2
10010
Convert 3 (base 8) to base 10.
3
-11 (base 12) to base 8
-15
Convert 63 (base 9) to base 5.
212
What is -1 (base 5) in base 15?
-1
b (base 16) to base 9
12
-64 (base 13) to base 2
-1010010
Convert -14 (base 8) to base 2.
-1100
12 (base 5) to base 2
111
Convert -110 (base 3) to base 6.
-20
What is 51 (base 7) in base 4?
210
-101001 (base 2) to base 3
-1112
-111 (base 6) to base 14
-31
What is -2 (base 10) in base 12?
-2
What is 49 (base 14) in base 13?
50
-169 (base 10) to base 12
-121
What is 3 (base 12) in base 10?
3
6 (base 7) to base 12
6
3 (base 15) to base 13
3
What is -82 (base 15) in base 9?
-145
Convert -110 (base 2) to base 13.
-6
What is -16 (base 16) in base 8?
-26
What is -49 (base 16) in base 4?
-1021
-37 (base 9) to base 10
-34
Convert -6 (base 7) to base 13.
-6
Convert 9 (base 13) to base 2.
1001
83 (base 12) to base 14
71
Convert -234 (base 6) to base 11.
-86
What is 23 (base 14) in base 11?
29
112 (base 13) to base 14
d2
3 (base 9) to base 11
3
Convert 2 (base 11) to base 2.
10
What is 118 (base 13) in base 11?
163
What is 2 (base 11) in base 7?
2
a (base 14) to base 13
a
Convert 2 (base 16) to base 2.
10
What is 27 (base 15) in base 2?
100101
What is -3 (base 12) in base 3?
-10
Convert -25 (base 12) to base 13.
-23
What is 130 (base 8) in base 11?
80
-1 (base 5) to base 11
-1
5 (base 8) to base 14
5
Convert 1 (base 16) to base 11.
1
Convert 1010 (base 2) to base 11.
a
What is -22 (base 7) in base 6?
-24
What is 4 (base 8) in base 5?
4
-20 (base 4) to base 5
-13
What is 9 (base 16) in base 7?
12
Convert 11 (base 2) to base 12.
3
Convert -3 (base 14) to base 16.
-3
Convert -10 (base 11) to base 7.
-14
What is 0 (base 10) in base 5?
0
-2 (base 9) to base 14
-2
Convert -6 (base 12) to base 7.
-6
What is -10010 (base 2) in base 8?
-22
What is -26 (base 11) in base 10?
-28
What is 13 (base 11) in base 9?
15
Convert -5 (base 13) to base 7.
-5
Convert 11 (base 2) to base 16.
3
Convert 5c (base 16) to base 11.
84
-141 (base 15) to base 7
-556
-1 (base 10) to base 9
-1
-26 (base 8) to base 10
-22
Convert -1 (base 12) to base 4.
-1
What is -1 (base 3) in base 2?
-1
-10002 (base 3) to base 8
-123
Convert -116 (base 8) to base 6.
-210
20 (base 12) to base 15
19
What is -1 (base 7) in base 2?
-1
-18 (base 11) to base 4
-103
What is 60 (base 12) in base 4?
1020
0 (base 9) to base 6
0
-6 (base 8) to base 3
-20
-2 (base 13) to base 5
-2
455 (base 6) to base 3
20122
-2 (base 3) to base 14
-2
23 (base 9) to base 4
111
14 (base 8) to base 14
c
d (base 15) to base 8
15
Convert 36 (base 8) to base 5.
110
-67 (base 9) to base 7
-115
What is -176 (base 11) in base 3?
-21120
What is 0 (base 3) in base 12?
0
What is -35 (base 11) in base 13?
-2c
What is 111 (base 7) in base 5?
212
Convert 0 (base 2) to base 5.
0
What is 0 (base 10) in base 11?
0
Convert -100 (base 3) to base 5.
-14
Convert 2 (base 9) to base 6.
2
Convert -4 (base 12) to base 2.
-100
Convert 3 (base 16) to base 15.
3
1 (base 8) to base 15
1
What is -2 (base 7) in base 15?
-2
Convert 97 (base 15) to base 11.
11a
What is 2 (base 7) in base 4?
2
Convert 20 (base 8) to base 11.
15
What is a (base 11) in base 12?
a
-10 (base 2) to base 13
-2
Convert -314 (base 5) to base 8.
-124
What is 101 (base 2) in base 9?
5
What is -100011 (base 2) in base 11?
-32
21122 (base 3) to base 13
12b
18 (base 9) to base 11
16
-451 (base 8) to base 6
-1213
What is -100 (base 2) in base 6?
-4
102 (base 10) to base 8
146
Convert 120 (base 4) to base 6.
40
222 (base 12) to base 14
186
What is 51 (base 10) in base 13?
3c
-6 (base 9) to base 4
-12
31 (base 4) to base 5
23
111110 (base 2) to base 12
52
Convert -3113 (base 4) to base 3.
-21222
Convert -14a (base 13) to base 9.
-276
Convert 156 (base 7) to base 4.
1122
Convert 0 (base 6) to base 15.
0
What is 0 (base 2) in base 5?
0
3 (base 4) to base 6
3
Convert 2 (base 9) to base 10.
2
Convert 0 (base 12) to base 2.
0
9 (base 16) to base 15
9
17 (base 13) to base 3
202
7a (base 16) to base 3
11112
Convert -1 (base 10) to base 13.
-1
100 (base 2) to base 9
4
21 (base 4) to base 11
9
-306 (base 8) to base 5
-1243
What is 212 (base 3) in base 13?
1a
Convert -40 (base 5) to base 10.
-20
What is 5 (base 9) in base 16?
5
-ba (base 12) to base 10
-142
What is -6 (base 10) in base 5?
-11
Convert 1100111 (base 2) to base 3.
10211
Convert 3 (base 11) to base 2.
11
What is 173 (base 11) in base 10?
201
What is -11 (base 5) in base 4?
-12
What is -2 (base 8) in base 15?
-2
Convert 4 (base 7) to base 10.
4
56 (base 7) to base 4
221
What is 129 (base 10) in base 15?
89
Convert 2 (base 9) to base 16.
2
6 (base 1